t of q(8)?
1
Let u = -102 - -106. Suppose -70 + 307 = i + 2*a, 0 = -3*i - u*a + 705. What is the hundreds digit of i?
2
Let u = -3502 - -5047. What is the hundreds digit of u?
5
What is the units digit of (-1410)/10*(-1)/((-3)/(-1))?
7
Let z(i) = -17 + 33 - 1 + 5*i + 46. What is the units digit of z(12)?
1
Let s(y) = y**3 - 18*y**2 + 2*y - 15. Let f be s(18). Suppose 2*w = -f + 31. What is the units digit of w*6*(-4)/(-3)?
0
Let t = 299 + 254. What is the tens digit of t?
5
Suppose h = -2*o + 444, -3*o + 0*h + 666 = 4*h. Suppose -2*y + o = 4*r, 5*r = 6 + 14. Suppose -y = -7*m + 380. What is the units digit of m?
9
Suppose 4811 + 2437 = 24*d. What is the tens digit of d?
0
Let l = -780 - -1181. What is the units digit of l?
1
Let y = 182 - 280. Let n = 99 + y. What is the units digit of n?
1
Suppose 0 = -u + 4*a + 10 + 3, 4*a = -8. Suppose -2*z - 81 = -3*z + h, -2*z + 156 = -u*h. What is the units digit of z?
3
Let p = -473 + 1010. What is the units digit of p?
7
Let b be (3 + -185)*-1*4. Suppose 5*x = 9*x - b. What is the units digit of x?
2
Suppose m + 5 = -6. Let k = m - -11. Suppose -4*i = -k*i - 16. What is the units digit of i?
4
Let b be 4 - (-13)/2*-2. Let s(q) = -q**2 - 11*q + 12. What is the units digit of s(b)?
0
Suppose -3*i + 2*n = -13, -17 = -5*i + 2*i - 2*n. Suppose -714 = -4*o + i*m + 183, 0 = 4*o - 2*m - 894. What is the tens digit of o?
2
Suppose 0 = j - 2 + 17. Let s(y) = -y - 11. Let z be s(j). Suppose -2*w = 3*n - 36, z*n - n - 4*w = 36. What is the units digit of n?
2
Let u(o) = -3*o + 4 + 0 - 2*o + 12*o. Let q(p) = p**2 - p - 3. Let v be q(-2). What is the units digit of u(v)?
5
Suppose -5*s = -4*g - 125, 2*g = 5*g + s + 89. Let u be (-18)/g + (-183)/5. What is the units digit of ((-2)/4)/(2/u)?
9
Let x = -5 - -6. Let y be x/(1/(-8))*-2. Suppose -y = -w - 7. What is the units digit of w?
9
Suppose -378*x = -379*x + 636. What is the units digit of x?
6
Suppose -80*h = -78*h - 850. What is the units digit of h?
5
Let r(s) = s**2 + 4*s - 3. Let d be r(-6). Suppose -7 - d = w. Let b(y) = -y**3 - 17*y**2 - 19*y - 11. What is the tens digit of b(w)?
3
Let t(a) = 9*a**3 + a**2 + 5*a - 8. Let k(o) = o**3 + o**2 + o - 1. Let m(c) = -6*k(c) + t(c). What is the tens digit of m(3)?
3
Let u = 20 + 230. What is the units digit of u?
0
Let c(w) = -w**3 + 7*w**2 + 7*w + 11. Let p be c(8). Suppose -4*t = -p - 1. What is the units digit of (0 - t)/((-1)/2)?
2
Suppose -1252 = -6*i - 316. What is the tens digit of i?
5
Suppose 0 = 2*w + 5 + 19. Let c be 5*4/w*-3. Suppose -o - 1 = a, -3*a + c = a + o. What is the units digit of a?
2
Let v = -153 + 1680. What is the units digit of v?
7
Suppose 4*f - 57 = 363. Suppose t - 4*t = -f. What is the units digit of t?
5
Suppose -26*y = -0*y - 7046. What is the tens digit of y?
7
Suppose -4*d + 5*c - 26 = 0, -d - 26 = 4*d - 3*c. Let p be 7/((-7)/(-4))*d. Let g(a) = a**2 + 14*a + 1. What is the tens digit of g(p)?
3
What is the tens digit of (-4)/10 + 829440/225?
8
Let s = 483 + -189. What is the units digit of s?
4
Let i be ((-90)/20)/((-3)/8). Let f = -3 + -8. Let h = f + i. What is the units digit of h?
1
Suppose -7*r = 1463 - 7091. What is the hundreds digit of r?
8
Suppose 5*v + 239 = t, 0*t - v + 749 = 3*t. Suppose 3*a + 4*n - t = -0*a, -a + 3*n + 70 = 0. What is the tens digit of a?
7
Suppose -216 = -6*a + 2*a. Suppose -12 = d - 4*q, q - 6 = -d + 2. Suppose -d*o = -170 + a. What is the tens digit of o?
2
Let a(p) = -p**3 - 3*p**2 + p + 6. Let g be a(-3). Suppose g*o = -2*k + 7 + 12, 0 = 2*k - 3*o - 1. What is the tens digit of 82*(k/(-1))/(-10)?
4
Let x(o) = o - 18. Let d be x(8). Let u be (d/(-4))/(4/8). Suppose k - 12 = u*m, 4*k - 12 = 2*k - 2*m. What is the units digit of k?
7
Let v(z) = 197*z**2 + 1. What is the hundreds digit of v(1)?
1
What is the units digit of (1374/(-15))/(30/(-75))?
9
Suppose -u - 9 + 12 = 0. What is the hundreds digit of 4 - ((-645)/3 + u)?
2
Suppose -g + 6 = g. Suppose 55 + 141 = g*x + 4*s, x + 3*s - 62 = 0. What is the units digit of x?
8
Let h(l) = 5 - 1 + l - 5. Let v be 7 - -1 - (-8)/4. What is the units digit of h(v)?
9
Suppose 7*u - 101 = -24. Suppose 201 = u*x - 503. What is the units digit of x?
4
Suppose 0 = 7*s - 46 - 31. Let n(y) be the third derivative of y**5/60 - y**4/3 + 11*y**3/6 + 2*y**2. What is the units digit of n(s)?
4
Suppose -5*z + 50 = 2*h - 6*h, 3*z = 3*h + 27. What is the units digit of z?
4
Let b = 4982 - 2718. What is the thousands digit of b?
2
Let n = 836 + -284. What is the tens digit of n?
5
Let w(y) = y - 44. Let l be w(16). Let a = l - -31. Suppose 3*h = 4*v + 51, h - 1 = a*v + 16. What is the tens digit of h?
1
Suppose 0 = 15*m - 29713 - 19007. What is the hundreds digit of m?
2
Let y(q) = 13*q + 16. Let h be y(4). Let w be (4 + -5)/(2/(-6)). Suppose -d = -8 + w, 2*d = -2*k + h. What is the units digit of k?
9
Let g(b) = b**3 + 29*b**2 + 38*b - 49. What is the units digit of g(-27)?
3
Let m(b) = 740*b - 17. What is the hundreds digit of m(4)?
9
Suppose n = 5*p + 15, -2*p = 3*n + n - 16. Let t be p - (-29 - 1 - -3). Suppose 2*k - k = t. What is the tens digit of k?
2
Let a(f) = -f**3 - 5*f**2 + f - 6. Let m be a(-5). Let h(b) = b**3 + 10*b**2 - 11*b + 6. Let p be h(m). Suppose -x + 1 = -p. What is the units digit of x?
7
Let z be (-108)/20 - (-12)/(-20). Let v be (-1 - z)/(2/4). Let q = v + -7. What is the units digit of q?
3
Let v(z) = 699*z + 104. What is the thousands digit of v(3)?
2
Suppose j + 0*s + 196 = -5*s, -j - 3*s - 186 = 0. Let t = j - -357. What is the tens digit of t?
8
Let a = -288 - -526. What is the tens digit of a?
3
Let i(f) = 15*f**2 + 3*f + 53. Let t be i(9). Suppose -v = 6*v - t. What is the units digit of v?
5
Suppose 0 = 4*k + 4 - 12. Suppose k*q - 7*q = -115. Suppose 3*d = -2*w - 0*w + 16, d + q = 5*w. What is the units digit of w?
5
Let r(i) = -i**2 - 56*i + 16. What is the hundreds digit of r(-44)?
5
Suppose 2*n - 3*j + 6 = -7*j, 0 = 2*n + 3*j + 5. What is the tens digit of 47 + 0/(n - -5)?
4
Let s(r) = -10*r**3 - 3*r**2 - 2. Let c be s(2). Let z = 179 + c. What is the tens digit of z?
8
Let x(c) be the second derivative of -15*c**3/2 + 19*c**2/2 + 3*c. What is the units digit of x(-3)?
4
Let v = -19 - -23. Suppose 0 = -v*u + 7*u - 6. What is the units digit of ((-1)/2)/((-1)/u)?
1
Let x be (16/20)/(22/10 + -2). Suppose 2*a = -2*g + 48, -g - x*a + 68 = 2*g. What is the units digit of g?
8
Let x(b) = -103*b + 21 - 2 + 115*b + 30*b**2 - 11*b**2. What is the tens digit of x(-4)?
7
What is the hundreds digit of 16/20 - (-108094)/70?
5
What is the units digit of (-2 + (-86)/4)*(-1 + -5)?
1
What is the tens digit of 4/14 - 304/56*-522?
3
Let d(q) = 9*q**2 - 3*q + 3. Let u be d(2). What is the tens digit of 423/u - (-6)/33?
1
Let p(v) = -5*v**3 + 4*v**2 - 3. Let i be (0 + 1)*8/(56/(-21)). What is the units digit of p(i)?
8
Let t(o) = -o**3 - 14*o**2 - 3*o + 33. Let u be t(-14). What is the units digit of u + -2 - (-18)/18?
4
What is the hundreds digit of (1 - 4 - -2)*-215?
2
Let a(f) = -f - 4. Let j(n) = -2*n - 9. Let b(m) = 10*a(m) - 4*j(m). Let r be b(-3). Suppose -r*w + 4*w = 18. What is the units digit of w?
9
Suppose 0*o + 4*o - 8 = 0. Suppose -o*z - 218 = -4*z. What is the hundreds digit of z?
1
Suppose -51*f = -9*f - 59682. What is the tens digit of f?
2
Let y be (1 + 0)/(-1) + (3 - -50). Let w = 64 - y. What is the tens digit of w?
1
Let h(z) = -2*z**2 + 32*z + 7. Let w(l) = l + 28. Let o be w(-13). What is the units digit of h(o)?
7
Let p = -212 + 381. Let f = p + -95. What is the units digit of f?
4
Let u(a) = -44*a + 419. What is the hundreds digit of u(-7)?
7
Let m = -44 - -10. Let a = m - -69. Suppose -4*z + 0*z + 3*o + a = 0, o + 30 = 3*z. What is the tens digit of z?
1
Suppose -12092 - 3184 = -19*t. What is the units digit of t?
4
Let o(p) = -4*p + 39. Let h be o(9). What is the hundreds digit of h/((-54)/(-30))*(0 - -105)?
1
Let s = 654 + -450. What is the tens digit of s?
0
Suppose 3*s - 2389 = -0*s + d, 0 = -3*s - 5*d + 2419. What is the units digit of s?
8
Suppose -4*o - 20 = -5*v, 0 = 2*o - o. Suppose -5*q - v = -29. Suppose -z + q*s = 12, -3*z + 0*s + 2*s = -16. What is the units digit of z?
8
Suppose 0 = -k + 3*k + 316. Let y = k + 425. What is the tens digit of y?
6
Let b = -474 - -2184